 by u.
10
Suppose -w - a = 0, 5*a + 3 = -2*w + 2*a. Suppose -w*s = -5*y - 52, -4*y - 42 = -4*s + 22. Calculate the remainder when 401 is divided by s.
9
Calculate the remainder when (924/297)/((-2)/33)*27/(-9) is divided by 64.
26
Let k(b) = b**3 - 33*b**2 + 88*b - 1751. What is the remainder when 360 is divided by k(32)?
32
What is the remainder when -12 + 18 + -13 - -248 is divided by 13?
7
Let c = 914 - 863. What is the remainder when (-774)/(-8) - (-1)/4 is divided by c?
46
Suppose -1627*r = -1619*r - 760. Calculate the remainder when r is divided by 81.
14
Suppose 5*f + 34 + 16 = 0. Let p(y) be the third derivative of y**4/24 + 14*y**3/3 + y**2. Calculate the remainder when 50 is divided by p(f).
14
Suppose -4*y = -6*r + 5*r - 1168, -4*y + 5*r = -1168. Suppose 34*l = 38*l - y. Calculate the remainder when l is divided by 16.
9
Suppose 628 - 2366 = -29*o + 466. Suppose -4*x = -3*x - 17. What is the remainder when o is divided by x?
8
Let o be -102*6/(-54)*3. Let b = 26 + o. What is the remainder when b is divided by 8?
4
Calculate the remainder when (-438)/(-2044)*8/(-6) + (-2244)/(-14) is divided by 1.
0
Suppose 4*j + 3 + 1 = 0, -3*w + j = -34. Suppose 15*q - 12 = w*q. What is the remainder when 94 is divided by q - -20 - (8 - 0)/2?
18
Suppose -2*b = -9*a + 481, 261 = 5*a + 3*b - b. What is the remainder when 370 is divided by a?
52
Suppose -19*j + 9531 - 3470 = 0. Calculate the remainder when j is divided by 24.
7
Let y = 10458 + -10444. What is the remainder when 444 is divided by y?
10
Suppose -45 = -3*b + 153. Suppose 183*z = 2*l + 181*z - 48, -4*l - 4*z = -48. What is the remainder when b is divided by l?
12
Calculate the remainder when 5/2 - 2 - (-6229200)/928 is divided by 21.
14
Let n(k) = -7*k - 65. Suppose -5*g - q = -g - 624, 4*q = 3*g - 449. Calculate the remainder when g is divided by n(-16).
14
Let v = -3645 - -3705. Calculate the remainder when 221 is divided by v.
41
Suppose 0 = -l + r + 4219, 12663 = 3*l - 42*r + 38*r. Calculate the remainder when l is divided by 8.
5
What is the remainder when 104 is divided by 1*(9/(-21) - 3200/(-35))?
13
Calculate the remainder when -1 + 745 + ((-10)/10*-4 - 5) is divided by 34.
29
Let c(p) = p**2 - 102*p - 2841. What is the remainder when c(-32) is divided by 16?
7
Let i(l) = -l**3 - 4*l**2 + 3*l - 2. Suppose -94 + 116 = 2*m. Suppose -m*j = -32*j + 399. What is the remainder when i(-6) is divided by j?
14
Let n(u) = 4*u - 34. Let a be n(-9). What is the remainder when 438/11 + (-8)/(-44) is divided by (-66)/(-4) + 7/(a/15)?
10
Let x = -70 + 112. Suppose 3*t - 1920*l - 867 = -1921*l, 3*t = l + 855. What is the remainder when t is divided by x?
35
Let m(u) = 90*u**3 - 9*u**2 + 9*u - 1. What is the remainder when 526 is divided by m(1)?
81
Let p = -14 + 17. Suppose p*h - h - 6 = 0. Suppose 40*v - 729 = -249. Calculate the remainder when v is divided by h.
0
Suppose 4*z - p = 4*p + 1049, 3*z - 793 = 5*p. Let b = -121 + z. What is the remainder when b is divided by (3/6)/(1/34)?
16
Let n(t) = -7*t**2 - 8*t - 23. Let p(l) = l**2. Let i(s) = -n(s) - 6*p(s). Calculate the remainder when i(-15) is divided by 26.
24
Let f = 4904 - 4431. Calculate the remainder when f is divided by 63.
32
Let y be 8/10 - 1480/100. Let o = y - -30. What is the remainder when o is divided by 5?
1
Suppose 148 = 70*j - 2652. Calculate the remainder when 479 is divided by j.
39
Let n = 6261 + -4800. What is the remainder when n is divided by 4?
1
Suppose -5*k + 347 = -3*z + 6*z, -4*k = 3*z - 277. Calculate the remainder when 13 is divided by ((-1)/2)/((-10 - -5)/k).
6
Let b(a) = 81*a + 3237. What is the remainder when b(-34) is divided by 25?
8
Let f(a) = -a**2 - 4*a + 1. Let t be f(-2). Let g = -1 + t. Suppose n - 16 = 4*w + 2, -5*n - g*w + 18 = 0. Calculate the remainder when 16 is divided by n.
4
Calculate the remainder when 2867 is divided by ((-70)/(-13 - -27))/(5/(-82)).
79
Let i = 50 - 29. Suppose 1037 = -84*z + 101*z. What is the remainder when z is divided by i?
19
Suppose 0 = 2*z + 4*l - 3*l - 460, -z + 233 = 2*l. What is the remainder when z is divided by 35?
19
Suppose 19248 - 20418 = -13*u. Calculate the remainder when 184 is divided by u.
4
Suppose -1560 - 145 = -68*v + 13*v. Calculate the remainder when 896 is divided by v.
28
Suppose -48 = -21*q + 432 + 3. What is the remainder when 343 is divided by q?
21
Suppose k + 4*l = 28, 5*k + 106*l - 316 = 108*l. Calculate the remainder when 150 is divided by k.
30
Suppose 11*z = 274 + 45. Let j(y) = -5*y - 127. Calculate the remainder when j(-46) is divided by z.
16
Suppose 4*q = 4*m - 132, -111*q = 5*m - 107*q - 174. What is the remainder when 2839 is divided by m?
17
Calculate the remainder when 264 is divided by 7 - 20 - (-4 + -19).
4
Let k(v) = -520*v**3 - 2*v**2 + 6*v + 7. Calculate the remainder when k(-1) is divided by 129.
3
Let j(h) = 2*h**2 + 53*h + 43. Let y be j(-23). What is the remainder when (-295)/y*(3 - -1) is divided by 4?
2
Let y be 36/90 - (-36)/10. Suppose l = -1, -13*n = -10*n + y*l - 92. Calculate the remainder when n is divided by 17.
15
Suppose 0 = -4*r + 14 + 2. Let q(w) = 7*w + 4. Let d(m) = -7710*m + 69395. What is the remainder when q(r) is divided by d(9)?
2
Let k be -14*(-1)/(6/9). Suppose 3*i = -k + 72. Calculate the remainder when ((-19470)/(-2655))/(1 + (-50)/54) is divided by i.
14
Suppose 76*i - 14129 = 2819. Calculate the remainder when 1111 is divided by i.
219
Suppose -5*m + 2 = 7, 5*h = -m + 29. Let z(l) = 2*l - 11. Let t be z(8). Let u(k) = 2*k**2 - 7*k - 4. Calculate the remainder when u(t) is divided by h.
5
Let b(m) = 0 - 4 - 2*m - 2 + m**2. Let g = 13946 + -13916. What is the remainder when b(9) is divided by g?
27
Let w = -5107 + 5131. What is the remainder when 167 is divided by w?
23
Let k = 181 + 65. Let h = k - 144. Suppose 90 - 30 = 4*f + 5*v, 4*f - 5*v - 60 = 0. What is the remainder when h is divided by f?
12
Let m = 241 + -224. Let f = m + 39. What is the remainder when 162 is divided by f?
50
Let c = 1207 - -828. What is the remainder when c is divided by 39?
7
Suppose 17 = -l - 4*y + 3, l - 21 = 3*y. Suppose l*a - 285 = 171. Suppose -111 = -3*u + 2*m, 2*u - 6*u + 153 = -m. What is the remainder when a is divided by u?
37
Suppose -2*r + 316 = 4*a, -731*a - 5*r - 330 = -735*a. Calculate the remainder when 155 is divided by a.
75
Let t = -605 + 636. Calculate the remainder when t is divided by 27.
4
Let f(x) be the second derivative of -x**3/2 - x**2 - 2*x. Calculate the remainder when (29/(580/(-360)))/(-1 - 1) is divided by f(-3).
2
What is the remainder when 1572 is divided by ((-18)/14)/((-423)/4935)?
12
What is the remainder when 526 is divided by (-27)/63*-154 + (-3)/(3/(-5))?
29
Let l(k) = k**3 - 72*k**2 - 62*k - 516. What is the remainder when l(73) is divided by 49?
42
Let y = 1262 + -670. What is the remainder when 1803 is divided by y?
27
Suppose 174*b - 105265 - 17738 = b. Calculate the remainder when b is divided by 42.
39
Let r = -23 + 27. Let n be (r - 5)*(-2 + 1). What is the remainder when 19 is divided by -1 + 8/n + 3?
9
Let v(a) be the third derivative of -a**6/120 + 4*a**5/15 + 107*a**4/24 + a**3/2 - 28*a**2 - 1. What is the remainder when v(21) is divided by 15?
0
Let c = 255 + -142. Let m(t) = 7*t**2 + 77*t + 41. Let x be m(-12). Let h = x - c. What is the remainder when h is divided by 5?
2
Let y = 103 + -90. Suppose -h - y = -9. Calculate the remainder when 63 is divided by (7 - 5 - h)*4/3.
7
Let j(h) = 366*h - 1347. What is the remainder when j(5) is divided by 61?
56
Suppose 22*k - 900 = 7*k. Suppose 0 = 2*r + 12 - k. What is the remainder when 136 is divided by r?
16
Suppose -4*p = -4*k - 5056 + 1332, 4*p - 3725 = 3*k. Let n = p + -923. Calculate the remainder when 15 is divided by n.
6
Suppose -25*t + 28*t - 837 = 0. Let w = t - 251. Calculate the remainder when 111 is divided by w.
27
Let z = -23 + 52. Calculate the remainder when (-672)/(-28)*22/12 is divided by z.
15
Let d = 3 + 77. Let x = -1667 - -1694. Calculate the remainder when d is divided by x.
26
Let l = 108 + -24. Suppose 80*m - l*m = -64. What is the remainder when 60 is divided by m?
12
Let y = -8 - -10. Suppose y*m = -5*i + 3*m + 148, 2*i = 5*m + 73. Let o = 79 - i. Calculate the remainder when o is divided b